{"id":1103,"date":"2015-10-05T19:45:18","date_gmt":"2015-10-05T17:45:18","guid":{"rendered":"http:\/\/www.aegrz.at\/wordpress\/?page_id=1103"},"modified":"2015-10-05T19:52:30","modified_gmt":"2015-10-05T17:52:30","slug":"rettet-das-kind","status":"publish","type":"page","link":"http:\/\/www.aegrz.at\/wordpress\/?page_id=1103","title":{"rendered":"Rettet das Kind"},"content":{"rendered":"<p style=\"text-align: justify;\">Als ich mit meinen Recherchen zu Kindespatenschaften begann, war es f\u00fcr mich beinahe nicht zu glauben, dennoch gibt es sogar in \u00d6sterreich, den Bedarf an Hilfe, durch Patenschaften.<br \/>\nWie kann das sein? \u00d6sterreich &#8211; ein doch so reiches Land und es soll Kinder geben, die Hilfe in Form einer Patenschaft ben\u00f6tigen? Leider ist das so. Es gibt in \u00d6sterreich ein soziales Netz, welches es immer wieder schafft, unschuldig in Not geratene, nicht aufzufangen.<\/p>\n<p style=\"text-align: justify;\">Es war f\u00fcr mich nicht leicht das sehen zu wollen, denn ich war \u00fcberzeugt davon, dass es\u00a0in \u00d6sterreich, jedem gut geht. Leider musste ich lernen, dass dem nicht so ist. <a href=\"http:\/\/www.rettet-das-kind.at\/index.html\" target=\"_blank\">Rettet das Kind<\/a>, hat mir Unterlagen gesendet, welche meinen Glauben in unser Sozialsystem ersch\u00fcttert haben. Es kann doch nicht sein, dass in einem Land wie \u00d6sterreich, Kinder nicht ausreichend versorgt sind.<\/p>\n<p style=\"text-align: justify;\">Somit war mir klar, wenn ich unbedingt eine Patenschaft in einem fernen Land f\u00fcr ein Kind \u00fcbernehmen will, dann kann, nein &#8211; dann darf ich nicht, auf die Not im eigenen Land vergessen. <a href=\"http:\/\/www.rettet-das-kind.at\/index.html\" target=\"_blank\">Rettet das Kind<\/a> bietet auch Patenschaften in \u00d6sterreich an. Eine davon habe ich \u00fcbernommen. <span style=\"font-size: 8pt;\">Es d\u00fcrfte wohl verst\u00e4ndlich sein, dass ich hier keine Patenseite erstelle, wegen der eventuellen Erkennbarkeit.<\/span><\/p>\n<p style=\"text-align: justify;\">Ich w\u00fcrde mich sehr freuen, wenn diese Seite,\u00a0DICH dazu bringt, sich ein wenig mit diesem Thema auseinanderzusetzen und nach Deinen M\u00f6glichkeiten, auch zu helfen.<\/p>\n<p style=\"text-align: justify;\">Alles Liebe<br \/>\nAndreas<\/p>\n<p style=\"text-align: justify;\">\n","protected":false},"excerpt":{"rendered":"<p>Als ich mit meinen Recherchen zu Kindespatenschaften begann, war es f\u00fcr mich beinahe nicht zu glauben, dennoch gibt es sogar in \u00d6sterreich, den Bedarf an Hilfe, durch Patenschaften. Wie kann das sein? \u00d6sterreich &#8211; ein doch so reiches Land und es soll Kinder geben, die Hilfe in Form einer Patenschaft ben\u00f6tigen? Leider ist das so. &hellip; <a href=\"http:\/\/www.aegrz.at\/wordpress\/?page_id=1103\" class=\"more-link\"><span class=\"screen-reader-text\">Rettet das Kind<\/span> weiterlesen <span class=\"meta-nav\">&rarr;<\/span><\/a><\/p>\n","protected":false},"author":3,"featured_media":0,"parent":1095,"menu_order":3,"comment_status":"closed","ping_status":"closed","template":"","meta":{"ngg_post_thumbnail":0,"footnotes":""},"_links":{"self":[{"href":"http:\/\/www.aegrz.at\/wordpress\/index.php?rest_route=\/wp\/v2\/pages\/1103"}],"collection":[{"href":"http:\/\/www.aegrz.at\/wordpress\/index.php?rest_route=\/wp\/v2\/pages"}],"about":[{"href":"http:\/\/www.aegrz.at\/wordpress\/index.php?rest_route=\/wp\/v2\/types\/page"}],"author":[{"embeddable":true,"href":"http:\/\/www.aegrz.at\/wordpress\/index.php?rest_route=\/wp\/v2\/users\/3"}],"replies":[{"embeddable":true,"href":"http:\/\/www.aegrz.at\/wordpress\/index.php?rest_route=%2Fwp%2Fv2%2Fcomments&post=1103"}],"version-history":[{"count":4,"href":"http:\/\/www.aegrz.at\/wordpress\/index.php?rest_route=\/wp\/v2\/pages\/1103\/revisions"}],"predecessor-version":[{"id":1115,"href":"http:\/\/www.aegrz.at\/wordpress\/index.php?rest_route=\/wp\/v2\/pages\/1103\/revisions\/1115"}],"up":[{"embeddable":true,"href":"http:\/\/www.aegrz.at\/wordpress\/index.php?rest_route=\/wp\/v2\/pages\/1095"}],"wp:attachment":[{"href":"http:\/\/www.aegrz.at\/wordpress\/index.php?rest_route=%2Fwp%2Fv2%2Fmedia&parent=1103"}],"curies":[{"name":"wp","href":"https:\/\/api.w.org\/{rel}","templated":true}]}}