{"id":603,"date":"2015-02-14T23:18:24","date_gmt":"2015-02-14T22:18:24","guid":{"rendered":"http:\/\/www.aegrz.at\/wordpress\/?page_id=603"},"modified":"2015-04-07T10:51:43","modified_gmt":"2015-04-07T08:51:43","slug":"schuessler-salz-nr-6-kalium-sulfuricum","status":"publish","type":"page","link":"http:\/\/www.aegrz.at\/wordpress\/?page_id=603","title":{"rendered":"Sch\u00fc\u00dfler-Salz Nr. 6 Kalium sulfuricum"},"content":{"rendered":"<p style=\"padding-left: 60px; text-align: justify;\"><img loading=\"lazy\" decoding=\"async\" class=\" size-medium wp-image-534 alignleft\" src=\"http:\/\/www.aegrz.at\/wordpress\/wp-content\/uploads\/Schuessler_06-200x300.jpg\" alt=\"Schuessler_06\" width=\"200\" height=\"300\" srcset=\"http:\/\/www.aegrz.at\/wordpress\/wp-content\/uploads\/Schuessler_06-200x300.jpg 200w, http:\/\/www.aegrz.at\/wordpress\/wp-content\/uploads\/Schuessler_06.jpg 533w\" sizes=\"(max-width: 200px) 100vw, 200px\" \/><strong>Nr. 6 Kalium sulfuricum D6<\/strong><\/p>\n<p style=\"text-align: justify;\"><em>Sauerstoff \u00dcbertr\u00e4ger in Zellen, reguliert Stoffwechsel, unterst\u00fctzt die Bauchspeicheldr\u00fcse<\/em><\/p>\n<p style=\"text-align: justify;\">Infektionen im 3. Stadium, chronische Entz\u00fcndungen aller Art, Lufthunger, Asthma, das Hautmittel, Hautprobleme, Allergien, Ekzeme, Neurodermitis, starker Juckreiz, Verdauungsst\u00f6rungen, Bl\u00e4hungen im Unterbauch, Diabetes (Zuckerkrankheit), bei allen Erkrankungen die nicht \u201arichtig\u2018 zum Ausbruch kommen k\u00f6nnen, Abschlussmittel nach Entz\u00fcndungen, bei Sauerstoffmangel, Mattigkeit, Schwindel<\/p>\n<p><em>Modalit\u00e4ten<\/em><br \/>\n<em>Zunge:<\/em> gelblich-schleimig, belegt<br \/>\n<em>Schlimmer:<\/em> abends, in warmen R\u00e4umen<br \/>\n<em>Besser:<\/em> frische, k\u00fchle Luft, Bewegung draussen<br \/>\n<em>Absonderungen:<\/em> gelb-eitrig, gr\u00fcnlich-milchig, Haut schuppig<br \/>\n<em>Weitere:<\/em> Tiefenreinigung und Ausheilung, g\u00e4hnen in Meetings, Konferenzmittel<\/p>\n<p>Wenn bei einer Entz\u00fcndung weder die Nr. 3 noch die Nr. 4 geholfen haben, sich der Katarrh so richtig festgesetzt hat, das Sekret der Nase oder Ausw\u00fcrfe gelblich-gr\u00fcnlich geworden sind , dann ist es h\u00f6chste Zeit f\u00fcr die Nr. 6 Kalium sulfuricum D6. Als Sulphur Salz unterst\u00fctzt es alle Ausscheidungsprozesse.<br \/>\nWer das Gef\u00fchl hat, dass eine Krankheit nicht zum Ausbruch kommt, immer nur ein bisschen Erk\u00e4ltet ist, kann Kalium sulfuricum D6 anwenden. Entweder kommt die Krankheit zum Ausbruch oder verschwindet weil der K\u00f6rper wieder gen\u00fcgend Energien hat damit umzugehen.<br \/>\nDie Nr. 6 sorgt daf\u00fcr dass der Sauerstoff in die Zellen \u00fcbertritt , die Nr. 3 bringt ihn in den K\u00f6rper. Die beiden Mineralstoffe haben eine enge Verbindung. K\u00f6nnen auch gut zusammen kombiniert werden wenn die Beschwerden aufgrund von Sauerstoffmangel auftreten.<br \/>\nBei M\u00fcdigkeit aufgrund von Sauerstoffmangel. Ein beliebtes Mittel bei Meetings. Vor allem am Nachmittag wenn man sich schon g\u00e4hnend an den Sitzungstisch setzt. 1 bis 2 Nr. 6 lutschen und der Kopf bekommt wieder gen\u00fcgend O2 zum Denken. Es wird deshalb auch \u2018Konferenzmittel\u2019 genannt.<br \/>\nDas Hautmittel erster G\u00fcte. Siehe weiter oben.<br \/>\nDa in der Nacht sehr viel Sauerstoff gebraucht wird, kann die Nr. 6 als Schlafmittel Wunder wirken. Vor dem zu Bett gehen 2 bis 3 Tabletten lutschen und hoffentlich erst am morgen frisch und erquickt erwachen.<br \/>\nAlles was am Abend ca. ab 16 Uhr schlimmer wird verlangt nach diesem Salz.<br \/>\nBei Bl\u00e4hungen die den Unterbauch betreffen, Nr. 6<br \/>\nDurch die Wirkung auf die Leber, dem wichtigsten Stoffwechselorgan, kann die Nr. 6 bei vielen Beschwerden helfen.<br \/>\nIn meinen Kursen gibt es oft jemand der sagt, ja genau, Lufthunger, da erkenne ich mich voll und ganz wieder. Das sind Menschen, die trotz \u00a0<span style=\"font-family: 'times new roman', times; font-size: 12pt;\"><span style=\"color: #333333;\">gutem Sauerstoff Angebot<\/span><\/span>, das Gef\u00fchl haben zu wenig Luft\u00a0zu bekommen. Daraus entsteht der Lufthunger.<br \/>\nOder die Menschen, die wenn sie sich in einem Raum mit anderen befinden, schnell das Gef\u00fchl haben, es w\u00e4re stickig und Luftarm, und die Fenster aufreissen. Manchmal zum Leidwesen der anderen zugempfindlichen Personen.<\/p>\n<p>Im Mentalen Bereich: langes \u2018Herumschleppen\u2019 von \u00fcberfl\u00fcssigen Dingen und Gedanken. Das Sch\u00f6ne, Erfreuende wird nicht mehr erlebt\/wahrgenommen.<\/p>\n<p><strong>Tipp<\/strong><br \/>\nBeim n\u00e4chsten Meeting\/Konferenz ausprobieren. Vor und\/oder w\u00e4hrend (nach Bedarf) eine Tablette lutschen.<\/p>\n<p>&nbsp;<\/p>\n<p><a title=\"Healhouse\" href=\"http:\/\/www.healhouse.ch\" target=\"_blank\"><img loading=\"lazy\" decoding=\"async\" class=\" alignnone\" src=\"http:\/\/www.healhouse.ch\/fileadmin\/templates\/healhouse\/design\/images\/header.jpg\" alt=\"\" width=\"353\" height=\"76\" \/><\/a><br \/>\n<span style=\"font-size: 10pt;\">Dieser Text wurde mit freundlicher Genehmigung von<\/span><br \/>\n<span style=\"line-height: 1.5; font-size: 10pt;\"><a title=\"Healhouse\" href=\"http:\/\/www.healhouse.ch\" target=\"_blank\">Melanie Keller (http:\/\/www.healhouse.ch)<\/a>, zur Verf\u00fcgung gestellt.<\/span><\/p>\n","protected":false},"excerpt":{"rendered":"<p>Nr. 6 Kalium sulfuricum D6 Sauerstoff \u00dcbertr\u00e4ger in Zellen, reguliert Stoffwechsel, unterst\u00fctzt die Bauchspeicheldr\u00fcse Infektionen im 3. Stadium, chronische Entz\u00fcndungen aller Art, Lufthunger, Asthma, das Hautmittel, Hautprobleme, Allergien, Ekzeme, Neurodermitis, starker Juckreiz, Verdauungsst\u00f6rungen, Bl\u00e4hungen im Unterbauch, Diabetes (Zuckerkrankheit), bei allen Erkrankungen die nicht \u201arichtig\u2018 zum Ausbruch kommen k\u00f6nnen, Abschlussmittel nach Entz\u00fcndungen, bei Sauerstoffmangel, Mattigkeit, Schwindel &hellip; <a href=\"http:\/\/www.aegrz.at\/wordpress\/?page_id=603\" class=\"more-link\"><span class=\"screen-reader-text\">Sch\u00fc\u00dfler-Salz Nr. 6 Kalium sulfuricum<\/span> weiterlesen <span class=\"meta-nav\">&rarr;<\/span><\/a><\/p>\n","protected":false},"author":2,"featured_media":0,"parent":639,"menu_order":6,"comment_status":"closed","ping_status":"open","template":"","meta":{"ngg_post_thumbnail":0,"footnotes":""},"_links":{"self":[{"href":"http:\/\/www.aegrz.at\/wordpress\/index.php?rest_route=\/wp\/v2\/pages\/603"}],"collection":[{"href":"http:\/\/www.aegrz.at\/wordpress\/index.php?rest_route=\/wp\/v2\/pages"}],"about":[{"href":"http:\/\/www.aegrz.at\/wordpress\/index.php?rest_route=\/wp\/v2\/types\/page"}],"author":[{"embeddable":true,"href":"http:\/\/www.aegrz.at\/wordpress\/index.php?rest_route=\/wp\/v2\/users\/2"}],"replies":[{"embeddable":true,"href":"http:\/\/www.aegrz.at\/wordpress\/index.php?rest_route=%2Fwp%2Fv2%2Fcomments&post=603"}],"version-history":[{"count":4,"href":"http:\/\/www.aegrz.at\/wordpress\/index.php?rest_route=\/wp\/v2\/pages\/603\/revisions"}],"predecessor-version":[{"id":691,"href":"http:\/\/www.aegrz.at\/wordpress\/index.php?rest_route=\/wp\/v2\/pages\/603\/revisions\/691"}],"up":[{"embeddable":true,"href":"http:\/\/www.aegrz.at\/wordpress\/index.php?rest_route=\/wp\/v2\/pages\/639"}],"wp:attachment":[{"href":"http:\/\/www.aegrz.at\/wordpress\/index.php?rest_route=%2Fwp%2Fv2%2Fmedia&parent=603"}],"curies":[{"name":"wp","href":"https:\/\/api.w.org\/{rel}","templated":true}]}}