{"id":614,"date":"2015-02-14T23:32:05","date_gmt":"2015-02-14T22:32:05","guid":{"rendered":"http:\/\/www.aegrz.at\/wordpress\/?page_id=614"},"modified":"2015-07-29T22:35:29","modified_gmt":"2015-07-29T20:35:29","slug":"schuessler-salz-nr-10-natrium-sulfuricum","status":"publish","type":"page","link":"http:\/\/www.aegrz.at\/wordpress\/?page_id=614","title":{"rendered":"Sch\u00fc\u00dfler-Salz Nr. 10 Natrium sulfuricum"},"content":{"rendered":"<p style=\"padding-left: 60px;\"><img loading=\"lazy\" decoding=\"async\" class=\" size-medium wp-image-538 alignleft\" src=\"http:\/\/www.aegrz.at\/wordpress\/wp-content\/uploads\/Schuessler_10-200x300.jpg\" alt=\"Schuessler_10\" width=\"200\" height=\"300\" srcset=\"http:\/\/www.aegrz.at\/wordpress\/wp-content\/uploads\/Schuessler_10-200x300.jpg 200w, http:\/\/www.aegrz.at\/wordpress\/wp-content\/uploads\/Schuessler_10.jpg 533w\" sizes=\"(max-width: 200px) 100vw, 200px\" \/><strong>Nr. 10 Natrium sulfuricum D6<\/strong><\/p>\n<p style=\"text-align: justify;\"><em>Steuert abbauenden Wasserhaushalt und Stoffwechsel, reguliert Zuckerstoffwechsel<\/em><\/p>\n<p style=\"text-align: justify;\">Wassereinlagerungen, geschwollene Beine, Tr\u00e4nens\u00e4cke, Diabetes, offene Beine, Fieberblasen, Warzen,\u00a0 stinkende Winde, Bl\u00e4hungen v.a. Oberbauch, w\u00e4ssriger Durchfall, Brechdurchfall, galliges Erbrechen,\u00a0 Katergef\u00fchl nach Alkohol, Fastenbegleitung<\/p>\n<p>&nbsp;<\/p>\n<p style=\"text-align: justify;\"><em>Modalit\u00e4ten:<\/em><br \/>\n<em>Zunge:<\/em>\u00a0schmutzig, gelblich-br\u00e4unlich belegt, bitterer Geschmack<br \/>\n<em>Schlimmer:<\/em>\u00a0morgens, in Ruhe, feuchte K\u00e4lte<br \/>\n<em>Besser:<\/em>\u00a0trockenes Wetter<br \/>\n<em>Absonderungen:<\/em>\u00a0gelb-gr\u00fcn, gelb-w\u00e4sserig, Auswurf: reichlich, dick, z\u00e4h, schleimig-eitrig<br \/>\n<em>Weitere:<\/em>\u00a0nicht warm werden im Bett, Schmerzen linksseitig, periodisch auftretend<\/p>\n<p style=\"text-align: justify;\">Die Nummer 10 ist das Mittel um den K\u00f6rper von Abbaustoffen zu reinigen. Wo gearbeitet wird, da fallen Sp\u00e4ne. Die sogenannte M\u00fcllabfuhr des K\u00f6rpers. Immer wenn es mit Ausscheidungen zu tun hat, ist dieses Mineral gefragt.<br \/>\nViele kennen Natrium sulfuricum auch als Glaubersalz und seine reinigende Wirkung gerade vor Fastenkuren ist allgemein bekannt. Somit ist es ein toller Begleitung bei einer Fastenkur oder wenn man ein paar Entlastungstage einlegen m\u00f6chte. Der K\u00f6rper wird unterst\u00fctzt unn\u00f6tigen Ballast los zu werden. Dazu geh\u00f6rt allerdings auch, dass gen\u00fcgend Fl\u00fcssigkeit in Form von Wasser getrunken wird.<br \/>\nDie Nr. 10 eignet sich deshalb auch hervorragend zum Abschluss von durchgemachten Krankheiten. Um den K\u00f6rper von den letzten Belastungen zu befreien.<br \/>\nDie Nr. 6 Kalium sulfuricum und die Nr. 10 arbeiten eng zusammen. Beide unterst\u00fctzen die Leber in ihrer Reinigungst\u00e4tigkeit. Man kann sich das so vorstellen, die Nr. 6 packt den M\u00fcllsack und die Nr. 10 kommt als M\u00fcllabfuhr vorbei und schafft den Unrat aus dem K\u00f6rper.<br \/>\nBei Wassereinlagerungen, zum Beispiel in den Beinen aber auch Tr\u00e4nens\u00e4cken, deutet dies auf den Bedarf dieses Mittels hin.<br \/>\nWenn die Ausscheidungen sehr w\u00e4sserig sind, das heisst, die Nase zum Beispiel rinnt, nicht mehr tropft was auf die Nr. 8 Natrium chloratum hindeutet.<br \/>\nDa es f\u00fcr den Zuckerstoffwechsel mitverantwortlich ist, darf es bei Diabetes nicht fehlen.<br \/>\nBei Bl\u00e4hungen generell und wenn im Oberbauch, ganz speziell.<br \/>\nMacht bei Reiz\u00fcberflutung den Kopf wieder klar. Auch nach zu intensivem Alkoholkonsum um den Kopf wieder klar zu kriegen, das Alka-Seltzer der Biochemie.<\/p>\n<p style=\"text-align: justify;\">Bei Fieberblasen, sobald man es bemerkt, eine Tablette im Mund zergehen lassen, am Besten von innen an die betroffene Stelle andr\u00fccken und so zergehen lassen. Den Brei einer Tablette an der Aussenseite der Lippe \u201chinpappen\u201d. Immer mal wieder erneuern. Wenn man es sofort macht, kann es den Ausbruch stoppen.<\/p>\n<p style=\"text-align: justify;\">Im Mentalen Bereich: Das Loslass Salz<\/p>\n<p style=\"text-align: justify;\"><strong>Tipp<\/strong><br \/>\nWer im Fr\u00fchling eine Entschlackungskur machen m\u00f6chte, sollte auf dieses Mineral unter keinen Umst\u00e4nden verzichten.<\/p>\n<p style=\"text-align: justify;\"><a title=\"Healhouse\" href=\"http:\/\/www.healhouse.ch\" target=\"_blank\"><img loading=\"lazy\" decoding=\"async\" class=\" alignnone\" src=\"http:\/\/www.healhouse.ch\/fileadmin\/templates\/healhouse\/design\/images\/header.jpg\" alt=\"\" width=\"353\" height=\"76\" \/><\/a><br \/>\n<span style=\"font-size: 10pt;\">Dieser Text wurde mit freundlicher Genehmigung von<\/span><br \/>\n<span style=\"line-height: 1.5; font-size: 10pt;\"><a title=\"Healhouse\" href=\"http:\/\/www.healhouse.ch\" target=\"_blank\">Melanie Keller (http:\/\/www.healhouse.ch)<\/a>, zur Verf\u00fcgung gestellt.<\/span><\/p>\n","protected":false},"excerpt":{"rendered":"<p>Nr. 10 Natrium sulfuricum D6 Steuert abbauenden Wasserhaushalt und Stoffwechsel, reguliert Zuckerstoffwechsel Wassereinlagerungen, geschwollene Beine, Tr\u00e4nens\u00e4cke, Diabetes, offene Beine, Fieberblasen, Warzen,\u00a0 stinkende Winde, Bl\u00e4hungen v.a. Oberbauch, w\u00e4ssriger Durchfall, Brechdurchfall, galliges Erbrechen,\u00a0 Katergef\u00fchl nach Alkohol, Fastenbegleitung &nbsp; Modalit\u00e4ten: Zunge:\u00a0schmutzig, gelblich-br\u00e4unlich belegt, bitterer Geschmack Schlimmer:\u00a0morgens, in Ruhe, feuchte K\u00e4lte Besser:\u00a0trockenes Wetter Absonderungen:\u00a0gelb-gr\u00fcn, gelb-w\u00e4sserig, Auswurf: reichlich, dick, z\u00e4h, &hellip; <a href=\"http:\/\/www.aegrz.at\/wordpress\/?page_id=614\" class=\"more-link\"><span class=\"screen-reader-text\">Sch\u00fc\u00dfler-Salz Nr. 10 Natrium sulfuricum<\/span> weiterlesen <span class=\"meta-nav\">&rarr;<\/span><\/a><\/p>\n","protected":false},"author":2,"featured_media":0,"parent":639,"menu_order":10,"comment_status":"closed","ping_status":"open","template":"","meta":{"ngg_post_thumbnail":0,"footnotes":""},"_links":{"self":[{"href":"http:\/\/www.aegrz.at\/wordpress\/index.php?rest_route=\/wp\/v2\/pages\/614"}],"collection":[{"href":"http:\/\/www.aegrz.at\/wordpress\/index.php?rest_route=\/wp\/v2\/pages"}],"about":[{"href":"http:\/\/www.aegrz.at\/wordpress\/index.php?rest_route=\/wp\/v2\/types\/page"}],"author":[{"embeddable":true,"href":"http:\/\/www.aegrz.at\/wordpress\/index.php?rest_route=\/wp\/v2\/users\/2"}],"replies":[{"embeddable":true,"href":"http:\/\/www.aegrz.at\/wordpress\/index.php?rest_route=%2Fwp%2Fv2%2Fcomments&post=614"}],"version-history":[{"count":5,"href":"http:\/\/www.aegrz.at\/wordpress\/index.php?rest_route=\/wp\/v2\/pages\/614\/revisions"}],"predecessor-version":[{"id":846,"href":"http:\/\/www.aegrz.at\/wordpress\/index.php?rest_route=\/wp\/v2\/pages\/614\/revisions\/846"}],"up":[{"embeddable":true,"href":"http:\/\/www.aegrz.at\/wordpress\/index.php?rest_route=\/wp\/v2\/pages\/639"}],"wp:attachment":[{"href":"http:\/\/www.aegrz.at\/wordpress\/index.php?rest_route=%2Fwp%2Fv2%2Fmedia&parent=614"}],"curies":[{"name":"wp","href":"https:\/\/api.w.org\/{rel}","templated":true}]}}