{"id":811,"date":"2015-03-07T18:15:22","date_gmt":"2015-03-07T17:15:22","guid":{"rendered":"http:\/\/www.aegrz.at\/wordpress\/?page_id=811"},"modified":"2015-03-09T10:52:22","modified_gmt":"2015-03-09T09:52:22","slug":"buch-und-ausbildungstips-zur-quantenheilung","status":"publish","type":"page","link":"http:\/\/www.aegrz.at\/wordpress\/?page_id=811","title":{"rendered":"Buch.- und Ausbildungstips zur Quantenheilung"},"content":{"rendered":"<p>Buchtips:<br \/>\n<strong>Frank Kinslow:<br \/>\n<\/strong>Quantenheilung &#8211; Wirkt sofort &#8211; und jeder kann es lernen <span style=\"text-decoration: underline;\">ISBN 3867310394<\/span><\/p>\n<p><strong>Richard Bartlett:<\/strong><br \/>\nMatrix Energetics &#8211; Die Kunst der Transformation <span style=\"text-decoration: underline;\">ISBN 3867310696<\/span><\/p>\n<p><strong>G\u00fcnter Heede:<\/strong> Seine Buchserie &#8211; Matrix Inform<br \/>\n-Quantenheilung auf einen Blick &#8211; einfach und effektiv <span style=\"text-decoration: underline;\">ISBN 3424152048<\/span><br \/>\n-Heilung im Licht der Quantenphysik. Selbstanwendung leicht gemacht <span style=\"text-decoration: underline;\">ISBN 3424151319<\/span><br \/>\n-Den Lebensplan erkennen mit Matrix Inform \u00a0<span style=\"text-decoration: underline;\">ISBN 3424151270<\/span><br \/>\n-Das Leben aktiv gestalten mit Matrix Inform \u00a0<span style=\"text-decoration: underline;\">ISBN 3517086975<\/span><\/p>\n<p><strong>Siranus Sven von Staden:<\/strong><br \/>\nQuantum Energy &#8211; Das Geheimnis au\u00dfergew\u00f6hnlicher Ver\u00e4nderungen und Heilungen <span style=\"text-decoration: underline;\">ISBN 3843410070<\/span><\/p>\n<p><strong>Frank Kinslow<\/strong> gilt als der Wiederentdecker der Quantenheilung. In seinem Buch &#8222;<strong>Quantenheilung &#8211; Wirkt sofort &#8211; und jeder kann es lernen<\/strong>&#8220; beschreibt er diese Technik.<\/p>\n<p><strong>Richard Bartlett<\/strong> tut gleiches in seinem Werk &#8222;<strong>Matrix Energetics &#8211; Die Kunst der Transformation<\/strong>&#8222;.<\/p>\n<p><strong>G\u00fcnter Heede<\/strong> beschreibt in seiner Serie &#8222;<strong>Matrix Inform<\/strong>&#8220; sehr ausf\u00fchrlich und durchaus etwas anspruchsvoller.<\/p>\n<p style=\"text-align: justify;\"><strong>Siranus Sven von Staden<\/strong>, hat mit &#8222;<strong>Quantum Energy &#8211; Das Geheimnis au\u00dfergew\u00f6hnlicher Ver\u00e4nderungen und Heilungen<\/strong>&#8220; eine Methode vorgestellt die er selbst entwickelt hat. Diese erm\u00f6glicht es, die Transformation von Glaubenss\u00e4tzen ebenso wirkungsvoll durchzuf\u00fchren, wie energetischen Ausgleich zu schaffen und selbstverst\u00e4ndlich die Anwendung der Methoden der oben Genannten zu integrieren und erfolgreich anzuwenden.<br \/>\nF\u00fcr mich ist <strong>von Staden, der Tip<\/strong> um in die Quantenheilung einzusteigen und wenn man es will sich noch viel weiter vorzuarbeiten, als nur durch Anwendung der 2-Punktmethode.<\/p>\n<p style=\"text-align: justify;\">Es er\u00fcbrigt sich anzumerken, dass es noch wesentlich mehr B\u00fccher zu diesem Thema gibt, auch von den bereits genannten Autoren. Wer es lieber mit <strong>Videos<\/strong> erlernen m\u00f6chte, sollte sich auch den Seiten von <strong>Volker Knehr, Knehr Seminare<\/strong> umsehen. Da gibt es einen wirklich empfehlenswerten Kurs.<br \/>\nDie wahrscheinlich beste Methode bleibt jedoch ein <strong>Seminar<\/strong>, da man dort \u00fcbt und jede Frage beantwortet wird. Wer die M\u00f6glichkeit hat, in <strong>\u00d6sterreich die QMT-Akademie<\/strong> in Graz zu besuchen, sollte unbedingt, dort eine Ausbildung anstreben. Die Kurse werden auch in Wien, Nieder\u00f6sterreich und K\u00e4rnten angeboten.<\/p>\n<p>Alles Liebe<br \/>\nAndreas<\/p>\n","protected":false},"excerpt":{"rendered":"<p>Buchtips: Frank Kinslow: Quantenheilung &#8211; Wirkt sofort &#8211; und jeder kann es lernen ISBN 3867310394 Richard Bartlett: Matrix Energetics &#8211; Die Kunst der Transformation ISBN 3867310696 G\u00fcnter Heede: Seine Buchserie &#8211; Matrix Inform -Quantenheilung auf einen Blick &#8211; einfach und effektiv ISBN 3424152048 -Heilung im Licht der Quantenphysik. Selbstanwendung leicht gemacht ISBN 3424151319 -Den Lebensplan &hellip; <a href=\"http:\/\/www.aegrz.at\/wordpress\/?page_id=811\" class=\"more-link\"><span class=\"screen-reader-text\">Buch.- und Ausbildungstips zur Quantenheilung<\/span> weiterlesen <span class=\"meta-nav\">&rarr;<\/span><\/a><\/p>\n","protected":false},"author":2,"featured_media":0,"parent":29,"menu_order":1,"comment_status":"closed","ping_status":"open","template":"","meta":{"ngg_post_thumbnail":0,"footnotes":""},"_links":{"self":[{"href":"http:\/\/www.aegrz.at\/wordpress\/index.php?rest_route=\/wp\/v2\/pages\/811"}],"collection":[{"href":"http:\/\/www.aegrz.at\/wordpress\/index.php?rest_route=\/wp\/v2\/pages"}],"about":[{"href":"http:\/\/www.aegrz.at\/wordpress\/index.php?rest_route=\/wp\/v2\/types\/page"}],"author":[{"embeddable":true,"href":"http:\/\/www.aegrz.at\/wordpress\/index.php?rest_route=\/wp\/v2\/users\/2"}],"replies":[{"embeddable":true,"href":"http:\/\/www.aegrz.at\/wordpress\/index.php?rest_route=%2Fwp%2Fv2%2Fcomments&post=811"}],"version-history":[{"count":5,"href":"http:\/\/www.aegrz.at\/wordpress\/index.php?rest_route=\/wp\/v2\/pages\/811\/revisions"}],"predecessor-version":[{"id":842,"href":"http:\/\/www.aegrz.at\/wordpress\/index.php?rest_route=\/wp\/v2\/pages\/811\/revisions\/842"}],"up":[{"embeddable":true,"href":"http:\/\/www.aegrz.at\/wordpress\/index.php?rest_route=\/wp\/v2\/pages\/29"}],"wp:attachment":[{"href":"http:\/\/www.aegrz.at\/wordpress\/index.php?rest_route=%2Fwp%2Fv2%2Fmedia&parent=811"}],"curies":[{"name":"wp","href":"https:\/\/api.w.org\/{rel}","templated":true}]}}