{"id":829,"date":"2015-03-07T19:02:06","date_gmt":"2015-03-07T18:02:06","guid":{"rendered":"http:\/\/www.aegrz.at\/wordpress\/?page_id=829"},"modified":"2015-10-20T09:46:00","modified_gmt":"2015-10-20T07:46:00","slug":"intention-und-intuition","status":"publish","type":"page","link":"http:\/\/www.aegrz.at\/wordpress\/?page_id=829","title":{"rendered":"Intention und Intuition"},"content":{"rendered":"<p style=\"text-align: justify;\">Was ist der Unterschieb und wie wichtig ist beides, aus der Sicht von easyQuantum?<\/p>\n<p style=\"text-align: justify;\">Die Intention, ist die Absicht, mit welcher ich eine Quantensitzung durchf\u00fchre.<br \/>\nDie Intuition, ist umgangssprachlich das Bauchgef\u00fchl.<\/p>\n<p style=\"text-align: justify;\">Beides ist sehr wichtig und deshalb werde ich jetzt ein wenig darauf eingehen.<\/p>\n<p>Die Intention, bestimmt nicht nur, was ich mit der Sitzung erreichen m\u00f6chte, sondern ich kann beispielsweise auch einen Zeitpunkt bestimmen, wann die Wirkung beginnen soll.<br \/>\nEs ist auch m\u00f6glich, Schwingungen von Heilmitteln mitzugeben. Sei es, dass ich die Schwingung eines hom\u00f6opathischen Mittels mitgebe, oder einer Bachbl\u00fcte, ebenso wie die Schwingungen von Farben, Formen, Heilsteine, Heilzeichen und Heilzahlen. Der Fantasie, sind hier kaum Grenzen gesetzt. Alles was helfen kann, darf auch verwendet werden. Auch Helfer, wie Engel, aufgestiegene Meister, Schwingungen und Informationen aller energetischen Formen und spirituelle Richtungen sind m\u00f6glich. Je mehr man kennt und dar\u00fcber weis, um so leichter wird es einen fallen, die bestm\u00f6gliche Variante zu finden.<\/p>\n<p style=\"text-align: justify;\">Die Intuition, wird einem sagen, welche Art, am Besten geeignet erscheint. Wer noch mit dem Erkennen der intuitiven Wahrnehmung unsicher ist, sollte folgendes ber\u00fccksichtigen.<br \/>\nWird mir ein Gedanke, kann schnell und kurzfristig, man k\u00f6nnte sagen &#8211; erscheinen, ohne dar\u00fcber nachzudenken, dann kann man von einer intuitiven Wahrnehmung ausgehen. Der Gedanke wird dabei der erste erachtete Gedanke sein. Muss ich dar\u00fcber jedoch nachdenken, bis ich glaube, eine L\u00f6sung gefunden zu haben, wird es sich h\u00f6chstwahrscheinlich um ein Produkt meines Verstandes handeln und nur sehr wenig mit Intuition zu tun haben.<br \/>\nEin weiterer wesentlicher Punkt, ist das Gef\u00fchl, dass ich dabei habe. F\u00fchlt es sich gut an, dann wird es stimmen. Habe ich bedenken, bin stark verunsichert, dann habe ich immer noch eine M\u00f6glichkeit. Ich bestimme mit meiner Intention, es soll zum Besten des Empf\u00e4ngers sein, oder wer soweit ist, kann es auch &#8222;nach oben abgeben&#8220;.<\/p>\n<p style=\"text-align: justify;\">F\u00fcr alle die das noch nicht praktizieren, freut Euch auf meinen n\u00e4chsten Bericht.<\/p>\n<p style=\"text-align: justify;\">Alles Liebe<br \/>\nAndreas<\/p>\n","protected":false},"excerpt":{"rendered":"<p>Was ist der Unterschieb und wie wichtig ist beides, aus der Sicht von easyQuantum? Die Intention, ist die Absicht, mit welcher ich eine Quantensitzung durchf\u00fchre. Die Intuition, ist umgangssprachlich das Bauchgef\u00fchl. Beides ist sehr wichtig und deshalb werde ich jetzt ein wenig darauf eingehen. Die Intention, bestimmt nicht nur, was ich mit der Sitzung erreichen &hellip; <a href=\"http:\/\/www.aegrz.at\/wordpress\/?page_id=829\" class=\"more-link\"><span class=\"screen-reader-text\">Intention und Intuition<\/span> weiterlesen <span class=\"meta-nav\">&rarr;<\/span><\/a><\/p>\n","protected":false},"author":2,"featured_media":0,"parent":836,"menu_order":3,"comment_status":"closed","ping_status":"open","template":"","meta":{"ngg_post_thumbnail":0,"footnotes":""},"_links":{"self":[{"href":"http:\/\/www.aegrz.at\/wordpress\/index.php?rest_route=\/wp\/v2\/pages\/829"}],"collection":[{"href":"http:\/\/www.aegrz.at\/wordpress\/index.php?rest_route=\/wp\/v2\/pages"}],"about":[{"href":"http:\/\/www.aegrz.at\/wordpress\/index.php?rest_route=\/wp\/v2\/types\/page"}],"author":[{"embeddable":true,"href":"http:\/\/www.aegrz.at\/wordpress\/index.php?rest_route=\/wp\/v2\/users\/2"}],"replies":[{"embeddable":true,"href":"http:\/\/www.aegrz.at\/wordpress\/index.php?rest_route=%2Fwp%2Fv2%2Fcomments&post=829"}],"version-history":[{"count":3,"href":"http:\/\/www.aegrz.at\/wordpress\/index.php?rest_route=\/wp\/v2\/pages\/829\/revisions"}],"predecessor-version":[{"id":893,"href":"http:\/\/www.aegrz.at\/wordpress\/index.php?rest_route=\/wp\/v2\/pages\/829\/revisions\/893"}],"up":[{"embeddable":true,"href":"http:\/\/www.aegrz.at\/wordpress\/index.php?rest_route=\/wp\/v2\/pages\/836"}],"wp:attachment":[{"href":"http:\/\/www.aegrz.at\/wordpress\/index.php?rest_route=%2Fwp%2Fv2%2Fmedia&parent=829"}],"curies":[{"name":"wp","href":"https:\/\/api.w.org\/{rel}","templated":true}]}}