{"id":861,"date":"2015-03-15T17:03:51","date_gmt":"2015-03-15T16:03:51","guid":{"rendered":"http:\/\/www.aegrz.at\/wordpress\/?page_id=861"},"modified":"2015-03-15T17:14:01","modified_gmt":"2015-03-15T16:14:01","slug":"uebersicht","status":"publish","type":"page","link":"http:\/\/www.aegrz.at\/wordpress\/?page_id=861","title":{"rendered":"\u00dcbersicht"},"content":{"rendered":"<h4><\/h4>\n<h4>Kurzbeschreibung der Bl\u00fcten:<\/h4>\n<p><strong>01 Agrimony &#8211; Odermening<\/strong><br \/>\nGruppe 5 &#8211; Empfindlichkeiten durch \u00e4u\u00dfere Reize<br \/>\nThemen:<br \/>\nGef\u00fchle zeigen und wahrnehmen<br \/>\nAngst vor dem Alleinsein<br \/>\nMaskentr\u00e4ger &#8211; \u00fcberdeckt seine Gef\u00fchle mit einer Maske der Fr\u00f6hlichkeit<br \/>\nTendenz zum Drogenkonsum (Rauchen, Alkohol, Drogen &#8230;)<\/p>\n<p><strong>02 Aspen &#8211; Espe &#8211; Zitterpappel<\/strong><br \/>\nGruppe 1 &#8211; Angst und \u00c4ngstlichkeit<br \/>\nThemen:<br \/>\nunbestimmte \u00c4ngste<br \/>\nVorahnungen<br \/>\nAngst vor der Angst<\/p>\n<p><strong>03 Beech &#8211; Rotbuche<\/strong><br \/>\nGruppe 7 &#8211; \u00dcberm\u00e4\u00dfige Autorit\u00e4t, Zuwendung, F\u00fcrsorge und Besorgnis<br \/>\nThemen:<br \/>\nKritik und Toleranz<br \/>\nArroganz<br \/>\nIntoleranz<\/p>\n<p><strong>04 Centaury &#8211; Tausendg\u00fcldenkraut<\/strong><br \/>\nGruppe 5 &#8211; Empfindlichkeiten durch \u00e4u\u00dfere Reize<br \/>\nThemen:<br \/>\neigener Wille Selbstwert<br \/>\nkann nicht NEIN sagen<\/p>\n<p><strong>05 Cerato &#8211; Bleiwurz<\/strong><br \/>\nGruppe 2 &#8211; Unsicherheit<br \/>\nThemen:<br \/>\nVertrauen, Selbstzweifel<br \/>\nfehlendes vertrauen an die innere Stimme<br \/>\ndurch andere leicht Beeinflussbar<\/p>\n<p><strong>06 Cherry Plum &#8211; Kirschpflaume<\/strong><br \/>\nGruppe 1 &#8211; Angst und \u00c4ngstlichkeit<br \/>\nThemen:<br \/>\nGef\u00fchlsstau &#8211; innere Anspannung<br \/>\nAngst &#8211; innerlich loszulassen<br \/>\nAngst &#8211; die Kontrolle zu verlieren<\/p>\n<p><strong>07 Chestnut Bud &#8211; Kastanienknospe<\/strong><br \/>\nGruppe 3 &#8211; mangelndes Interesse<br \/>\nThemen:<br \/>\ndie Lernbl\u00fcte f\u00fcr Klein und Gro\u00df<br \/>\nmangelnde Lernf\u00e4higkeit<br \/>\nlernt aus seinen Fehlern nichts<\/p>\n<p><strong>08 Chicory &#8211; Wegwarte<\/strong><br \/>\nGruppe 7 &#8211; \u00dcberm\u00e4\u00dfige Autorit\u00e4t, Zuwendung, F\u00fcrsorge und Besorgnis<br \/>\nThemen:<br \/>\nBesitzergreifende &#8222;\u00dcbermutter&#8220;<br \/>\nklammert, gibt keinen Freiraum<br \/>\nwill sich unentbehrlich machen<\/p>\n<p><strong>09 Clematis &#8211; gemeine Waldrebe<\/strong><br \/>\nGruppe 3 &#8211; mangelndes Interesse<br \/>\nThemen:<br \/>\nder phantasievolle Tagtr\u00e4umer<br \/>\nGleichg\u00fcltigkeit<br \/>\nohnmachtsneigung<\/p>\n<p><strong>10 Crab Apple &#8211; Holzapfelbl\u00fcte<\/strong><br \/>\nGruppe 6 &#8211; Mutlosigkeit, Kummer und Verzweiflung<br \/>\nThemen:<br \/>\nOrdnung und Reinheit<br \/>\nPutzfimmel<br \/>\nAllergien<\/p>\n<p><strong>11 Elm &#8211; Ulme<\/strong><br \/>\nGruppe 6 &#8211; Mutlosigkeit, Kummer und Verzweiflung<br \/>\nThemen:<br \/>\nvor\u00fcbergehende \u00dcberforderung<br \/>\nist der gro\u00dfen Aufgabe nicht gewachsen<br \/>\nUrlaubsreif<\/p>\n<p><strong>12 Gentian &#8211; bitterer Enzian<\/strong><br \/>\nGruppe 2 &#8211; Unsicherheit<br \/>\nThemen:<br \/>\nPessimismus<br \/>\nleichte Depressionen<br \/>\nzweifelnd, leicht entmutigt, entt\u00e4uscht<\/p>\n<p><strong>13 Gorse &#8211; Stechginster<\/strong><br \/>\nGruppe 2 &#8211; Unsicherheit<br \/>\nThemen:<br \/>\nHoffnungslosigkeit, v\u00f6llig verzweifelt<br \/>\nchronische Krankheiten<br \/>\ndeprimiert<\/p>\n<p><strong>14 Heather &#8211; Heidekraut<\/strong><br \/>\nGruppe 4 &#8211; Einsamkeit und Alleinsein<br \/>\nThemen:<br \/>\nSelbstbezogenheit<br \/>\nMitteilungsbed\u00fcrftig<br \/>\ninnere Einsamkeit<\/p>\n<p><strong>15 Holly &#8211; Stechpalme<\/strong><br \/>\nGruppe 5 &#8211; Empfindlichkeiten durch \u00e4u\u00dfere Reize<br \/>\nThemen:<br \/>\nNeid, Eifersucht<br \/>\nRache, Missgunst<br \/>\nSchadenfroh<\/p>\n<p><strong>16 Honeysuckle &#8211; Gei\u00dfblatt<\/strong><br \/>\nGruppe 3 &#8211; mangelndes Interesse<br \/>\nThemen:<br \/>\nLeben in der Vergangenheit<br \/>\nkann helfen bei Trauer, Heimweh, Reue,<br \/>\nbei Wohnungswechsel, Scheidung&#8230;<\/p>\n<p><strong>17 Hornbeam &#8211; Hainbuche<\/strong><br \/>\nGruppe 2 &#8211; Unsicherheit<br \/>\nThemen:<br \/>\nmentale Ersch\u00f6pfung oder Erm\u00fcdung<br \/>\nUnlust<br \/>\nunzufrieden<\/p>\n<p><strong>18 Impatiens &#8211; dr\u00fcsentragendes Springkraut<\/strong><br \/>\nGruppe 4 &#8211; Einsamkeit und Alleinsein<br \/>\nThemen:<br \/>\nungeduldig<br \/>\nleicht reizbar<br \/>\nruhelos<\/p>\n<p><strong>19 Larch &#8211; L\u00e4rche<\/strong><br \/>\nGruppe 6 &#8211; Mutlosigkeit, Kummer und Verzweiflung<br \/>\nThemen:<br \/>\nmangelndes Selbstvertrauen<br \/>\nUnsicherheit<br \/>\nf\u00fchlt sich unterlegen<\/p>\n<p><strong>20 Mimulus &#8211; gefleckte Gauklerblume<\/strong><br \/>\nGruppe 1 &#8211; Angst und \u00c4ngstlichkeit<br \/>\nThemen:<br \/>\nbenennbare \u00c4ngste<br \/>\nPr\u00fcfungsangst<br \/>\nExistenzangst<\/p>\n<p><strong>21Mustard &#8211; Ackersenf<\/strong><br \/>\nGruppe 3 &#8211; mangelndes Interesse<br \/>\nThemen:<br \/>\nMelancholie Depression<br \/>\ntrauert innerlich, ohne zu Wissen warum<\/p>\n<p><strong>22 Oak &#8211; Eiche<\/strong><br \/>\nGruppe 6 &#8211; Mutlosigkeit, Kummer und Verzweiflung<br \/>\nThemen:<br \/>\n\u00dcberarbeitung<br \/>\nk\u00f6rperliche Ersch\u00f6pfung<br \/>\nzu hohe Ziele<\/p>\n<p><strong>23 Olive &#8211; Olivenbaum<\/strong><br \/>\nGruppe 3 &#8211; mangelndes Interesse<br \/>\nThemen:<br \/>\nErsch\u00f6pfungszust\u00e4nde<br \/>\nalles ist einem zuviel<br \/>\nausgelaugt<\/p>\n<p><strong>24 Pine &#8211; schottische Kiefer<\/strong><br \/>\nGruppe 6 &#8211; Mutlosigkeit, Kummer und Verzweiflung<br \/>\nThemen:<br \/>\nSchuldgef\u00fchle<br \/>\nVersagens\u00e4ngste<br \/>\nSelbstvorw\u00fcrfe<\/p>\n<p><strong>25 Red Chestnut &#8211; rote Kastani<\/strong>e<br \/>\nGruppe 1 &#8211; Angst und \u00c4ngstlichkeit<br \/>\nThemen:<br \/>\n\u00fcberm\u00e4\u00dfige Sorgen um andere<br \/>\nzerbricht sich den Kopf, \u00fcber Sorgen anderer<br \/>\npessimistische Grundhaltung<\/p>\n<p><strong>26 Rock Rose &#8211; gelbes Sonnenr\u00f6schen<\/strong><br \/>\nGruppe 1 &#8211; Angst und \u00c4ngstlichkeit<br \/>\nThemen:<br \/>\nAngst Panik<br \/>\nSchockzust\u00e4nde, nach einem Unfall oder einer schlechten Nachricht,<br \/>\nbei Alptr\u00e4umen, Atemnot, Sonnenstich, Hitzschlag<\/p>\n<p><strong>27 Rock Water &#8211; Quellwasser<\/strong><br \/>\nGruppe 7 &#8211; \u00dcberm\u00e4\u00dfige Autorit\u00e4t, Zuwendung, F\u00fcrsorge und Besorgnis<br \/>\nThemen:<br \/>\nzu hart zu sich selbst<br \/>\n\u00fcbertrieben Selbstdisziplin<br \/>\nEhrgeiz<\/p>\n<p><strong>28 Sclerantus &#8211; einj\u00e4hriges Kn\u00e4uel<\/strong><br \/>\nGruppe 2 &#8211; Unsicherheit<br \/>\nThemen:<br \/>\nUnentschlossenheit<br \/>\nlehnt Hilfe ab<br \/>\nStimmungsschwankungen<\/p>\n<p><strong>29 Star of Bethlehem &#8211; doldiger Milchstern<\/strong><br \/>\nGruppe 6 &#8211; Mutlosigkeit, Kummer und Verzweiflung<br \/>\nThemen:<br \/>\nTrauma, Schock<br \/>\nKummer, Sorgen<br \/>\nAlptr\u00e4ume<\/p>\n<p><strong>30 Sweet Chestnut &#8211; Edelkastanie<\/strong><br \/>\nGruppe 6 &#8211; Mutlosigkeit, Kummer und Verzweiflung<br \/>\nThemen:<br \/>\ntiefste Verzweiflung<br \/>\nBelastbarkeitsgrenze erreicht<br \/>\nhat sich aufgegeben<\/p>\n<p><strong>31 Vervain &#8211; Eisenkraut<\/strong><br \/>\nGruppe 7 &#8211; \u00dcberm\u00e4\u00dfige Autorit\u00e4t, Zuwendung, F\u00fcrsorge und Besorgnis<br \/>\nThemen:<br \/>\nWeltverbesserer<br \/>\nmissionarischer Eifer<br \/>\nStress<\/p>\n<p><strong>32 Vine &#8211; Weinrebe<\/strong><br \/>\nGruppe 7 &#8211; \u00dcberm\u00e4\u00dfige Autorit\u00e4t, Zuwendung, F\u00fcrsorge und Besorgnis<br \/>\nThemen:<br \/>\nTyrannei<br \/>\nGr\u00f6\u00dfenwahn<br \/>\nDominanz<\/p>\n<p><strong>33 Walnut &#8211; Walnu\u00df<\/strong><br \/>\nGruppe 5 &#8211; Empfindlichkeiten durch \u00e4u\u00dfere Reize<br \/>\nThemen:<br \/>\nkompletter Umbruch &#8211; Neubeginn<br \/>\nWankelmut<br \/>\nStagnation<\/p>\n<p><strong>34 Water Violet &#8211; Sumpfwasserfeder<\/strong><br \/>\nGruppe 4 &#8211; Einsamkeit und Alleinsein<br \/>\nThemen:<br \/>\nStolz<br \/>\nReserviertheit<br \/>\nArroganz<\/p>\n<p><strong>35 White Chestnut &#8211; Ro\u00dfkastanie<\/strong><br \/>\nGruppe 3 &#8211; mangelndes Interesse<br \/>\nThemen:<br \/>\nGedanken kreisen im Kopf<br \/>\nSelbstgespr\u00e4che<br \/>\nkann nicht mehr abschalten<\/p>\n<p><strong>36 Wild Oat &#8211; Waldtrespe<\/strong><br \/>\nGruppe 2 &#8211; Unsicherheit<br \/>\nThemen:<br \/>\nFinden der Lebensaufgabe<br \/>\nehrgeizig, m\u00f6chte etwas Besonderes leisten, wei\u00df aber nicht genau was<br \/>\nhat seinen Platz im Leben noch nicht gefunden<\/p>\n<p><strong>37 Wild Rose &#8211; Heckenrose<\/strong><br \/>\nGruppe 3 &#8211; mangelndes Interesse<br \/>\nThemen:<br \/>\nResignation ohne Antrieb<br \/>\ninnere Kapitulation<br \/>\nschlaff, v\u00f6llig energielos<\/p>\n<p><strong>38 Willow &#8211; Weide<\/strong><br \/>\nGruppe 6 &#8211; Mutlosigkeit, Kummer und Verzweiflung<br \/>\nThemen:<br \/>\nGroll Verbitterung<br \/>\nSelbstmitleid<br \/>\nsucht Schuld bei anderen<\/p>\n<p><strong>39 Rescue &#8211; Erste-Hilfe und Notfalltropfen<\/strong><br \/>\nDiese Zusammensetzung wurde von Dr. Bach ausgew\u00e4hlt und besteht aus folgenden Bl\u00fcten:<\/p>\n<p style=\"padding-left: 30px;\">1. Star of Bethlehem \ufffc<br \/>\n2. Rock Rose<br \/>\n3. Impatiens<br \/>\n4. Cherry Plum<br \/>\n5. Clematis<\/p>\n","protected":false},"excerpt":{"rendered":"<p>Kurzbeschreibung der Bl\u00fcten: 01 Agrimony &#8211; Odermening Gruppe 5 &#8211; Empfindlichkeiten durch \u00e4u\u00dfere Reize Themen: Gef\u00fchle zeigen und wahrnehmen Angst vor dem Alleinsein Maskentr\u00e4ger &#8211; \u00fcberdeckt seine Gef\u00fchle mit einer Maske der Fr\u00f6hlichkeit Tendenz zum Drogenkonsum (Rauchen, Alkohol, Drogen &#8230;) 02 Aspen &#8211; Espe &#8211; Zitterpappel Gruppe 1 &#8211; Angst und \u00c4ngstlichkeit Themen: unbestimmte \u00c4ngste &hellip; <a href=\"http:\/\/www.aegrz.at\/wordpress\/?page_id=861\" class=\"more-link\"><span class=\"screen-reader-text\">\u00dcbersicht<\/span> weiterlesen <span class=\"meta-nav\">&rarr;<\/span><\/a><\/p>\n","protected":false},"author":3,"featured_media":0,"parent":34,"menu_order":10,"comment_status":"closed","ping_status":"open","template":"","meta":{"ngg_post_thumbnail":0,"footnotes":""},"_links":{"self":[{"href":"http:\/\/www.aegrz.at\/wordpress\/index.php?rest_route=\/wp\/v2\/pages\/861"}],"collection":[{"href":"http:\/\/www.aegrz.at\/wordpress\/index.php?rest_route=\/wp\/v2\/pages"}],"about":[{"href":"http:\/\/www.aegrz.at\/wordpress\/index.php?rest_route=\/wp\/v2\/types\/page"}],"author":[{"embeddable":true,"href":"http:\/\/www.aegrz.at\/wordpress\/index.php?rest_route=\/wp\/v2\/users\/3"}],"replies":[{"embeddable":true,"href":"http:\/\/www.aegrz.at\/wordpress\/index.php?rest_route=%2Fwp%2Fv2%2Fcomments&post=861"}],"version-history":[{"count":1,"href":"http:\/\/www.aegrz.at\/wordpress\/index.php?rest_route=\/wp\/v2\/pages\/861\/revisions"}],"predecessor-version":[{"id":862,"href":"http:\/\/www.aegrz.at\/wordpress\/index.php?rest_route=\/wp\/v2\/pages\/861\/revisions\/862"}],"up":[{"embeddable":true,"href":"http:\/\/www.aegrz.at\/wordpress\/index.php?rest_route=\/wp\/v2\/pages\/34"}],"wp:attachment":[{"href":"http:\/\/www.aegrz.at\/wordpress\/index.php?rest_route=%2Fwp%2Fv2%2Fmedia&parent=861"}],"curies":[{"name":"wp","href":"https:\/\/api.w.org\/{rel}","templated":true}]}}